the remainder when r(-3) is divided by 22?
20
Let t(q) = q**3 + 9*q**2 - q + 8. Let y be t(-4). Let k = y + -68. Calculate the remainder when 42 is divided by k.
18
Let j(f) = 7*f - 11. Let o be j(3). Suppose 2*c + o = 0, -5*l - 2*c + 245 = -0*c. Calculate the remainder when l is divided by 9.
6
Suppose -3*l = -7 + 1, 0 = 5*i - 2*l - 196. Suppose -3*b + i = 2*b. What is the remainder when b is divided by 3?
2
Suppose -19 = g - 2*g. Suppose g = r + 5. Calculate the remainder when r is divided by (36/(-30))/((-3)/20).
6
Let y = -4 + 5. Let p(t) = 42*t**3 + 2*t**2 - t. Let u be p(y). Suppose -u = -3*m + 17. What is the remainder when 58 is divided by m?
18
Let h(y) = y**3 - 11*y**2 + 10*y + 10. Let j be (-2 + (-4)/(-3))*6. Calculate the remainder when (1 - 51/15)/(j/30) is divided by h(10).
8
Let w = 374 + -339. Calculate the remainder when w is divided by 11.
2
Let w = -7 - -7. Suppose w*q = 5*f + 2*q - 203, -66 = -2*f + 3*q. Suppose 5*o = 2*o + f. Calculate the remainder when 51 is divided by o.
12
Let q(n) = 3*n**2 - 5*n - 1. Suppose 3*i - 8*i + 92 = 2*u, -i - 4*u + 4 = 0. Calculate the remainder when q(6) is divided by i.
17
Let n = -120 + 155. Calculate the remainder when 189 is divided by n.
14
Let s = -6 + 12. Suppose 0 = -3*a - 5*o + 92, 5*a - 4*o = o + 100. What is the remainder when 1 + a + -2 + -1 is divided by s?
4
Suppose -2*n = -5*u - 34 - 319, 0 = -5*n - 5*u + 795. Calculate the remainder when n is divided by 15.
14
Let k = 34 - 5. Let x = k - 1. What is the remainder when x is divided by 10?
8
Let n be 0/(16/(-4)) - -3. Suppose 0 = n*h + h - 192. Suppose -2*a = -4*a + h. Calculate the remainder when 46 is divided by a.
22
Suppose -4*w + 179 = -2*a - 153, 0 = 4*w + a - 332. Calculate the remainder when w is divided by 24.
11
Suppose -5*o + 807 = -2*u, -o + 2*u + 352 = 197. Calculate the remainder when 495 is divided by o.
6
Let g(x) be the second derivative of -x**4/12 - 5*x**3/3 + 5*x**2/2 - 6*x. Let u be g(-5). Calculate the remainder when (-40)/u*54/(-4) is divided by 5.
3
Suppose j + 64 = 3*j. What is the remainder when j is divided by ((5 - 11) + 5)/(4/(-80))?
12
Suppose -j = -2*o - 159, j + 0*j - 129 = -4*o. Let m(u) = -5*u - 22. Let k be m(14). Let t = j + k. Calculate the remainder when t is divided by 15.
12
Let w be 1*-136 - (2 + -2). Suppose 3*d + l + 1 = 5, d - 6 = -5*l. Calculate the remainder when w/(-4) + d/1 is divided by 9.
8
Let q(a) = -35*a**2 - a - 31*a**2 + 5 - a**3 + 71*a**2. Let g be q(5). Let i = g + 11. Calculate the remainder when 38 is divided by i.
5
Suppose 7*q - 19 = 2. Let b = 1 - 1. Suppose b = -g - 3*t - 0*t + 37, 9 = -q*t. What is the remainder when g is divided by 12?
10
Suppose -9*y + 379 = 100. Calculate the remainder when 491 is divided by y.
26
Let a(j) = 2*j**2 - 11*j - 267. What is the remainder when a(35) is divided by 45?
43
Suppose 0*y - 4*y + 60 = 0. Let s(m) = m + 1296. Let x be s(0). Calculate the remainder when (1/3)/(16/x) is divided by y.
12
Let r(l) = 2*l**2 - 12*l + 5. Let x be r(6). Suppose -66 - 74 = -x*n. What is the remainder when n is divided by 5?
3
Let w = -26 - -28. Suppose -2*j - 17 = -3*h, 2 - 12 = -w*j. Calculate the remainder when 35 is divided by h.
8
Suppose -18*w = -206 - 2404. Calculate the remainder when w is divided by 44.
13
Let c be 407/77 - 2/7. Calculate the remainder when 97 is divided by 756/30 + (-1)/c.
22
Calculate the remainder when 54/1 + -4*1 is divided by 26.
24
Let k = -15 + 11. Let q(i) = i**2 + 3*i + 1. Let c be q(k). Suppose -55 = -c*y + 5. What is the remainder when y is divided by 8?
4
What is the remainder when (-3 - -6 - -439)*(-2)/(-4) is divided by 37?
36
Let j be (18/21)/(5/35). Suppose 0 = -f - 4 + 13. What is the remainder when (j - -2)/(2/4) is divided by f?
7
Let z(c) = -c**2 - 21*c + 78. Calculate the remainder when 191 is divided by z(-23).
31
Suppose -3*v = -9 + 3. Suppose 4*a - 3*a = 2. Suppose -v*o - 30 = -b, -a*b - 21 = -3*b + 5*o. What is the remainder when b is divided by 19?
17
Suppose 4*t - w = 29, 2*t + w - 13 = -t. Calculate the remainder when 55/3 + (-2)/t is divided by 5.
3
Suppose -3*g + 173 = -2*p, -4*g - 5*p = -46 - 177. What is the remainder when 280 is divided by g?
52
Suppose 26*l - 632 = 1630. Calculate the remainder when l is divided by 53.
34
Suppose -2*t + 3 = -3. Suppose -4*f = -t*f - 82. Let g = -61 - -89. What is the remainder when f is divided by g?
26
Let j(f) = -f**2 - 90*f + 1259. Let l(w) = 140*w**3 - 1. Suppose 1 = 3*x - 2. Calculate the remainder when l(x) is divided by j(12).
34
Let f = 23 - 14. Let y(p) = -p**3 - 12*p**2 + 21*p + 107. Calculate the remainder when f is divided by y(-13).
0
Let z(b) = b**2 - 2*b - 3. Let s be z(-4). Let k = s - 12. Suppose 3*p - 2*p - m = 7, 3*m = p - k. Calculate the remainder when p is divided by 2.
0
Let l(w) be the first derivative of -5*w**2/2 - w + 17. What is the remainder when 30 is divided by l(-2)?
3
Suppose 2*x + x - 9 = 0. Suppose 2*l - 59 = -x*r, r - 47 = -2*r + l. Suppose -245 = -0*t - 5*t. Calculate the remainder when t is divided by r.
15
Let a be 6/(-10) + (-4)/10. Let c = a + 4. Suppose c*b + 57 = 5*b + 3*o, 5*b + 5*o - 135 = 0. Calculate the remainder when 118 is divided by b.
22
Let j(m) = m**3 + 8*m**2 + 2*m - 6. Suppose -a + 1 = -5*a - 3*c, -3*c - 9 = 0. Suppose 3*d - 55 = -a*d. Calculate the remainder when j(-6) is divided by d.
10
What is the remainder when 37/(148/1112) - 1*6 is divided by 93?
86
Let g(n) be the third derivative of -n**4/12 + n**3/3 + 5*n**2. Let o be g(-3). Suppose -2*x + o = -18. Calculate the remainder when x is divided by 7.
6
Let s(q) = -q + 2. Let m(h) = -2*h + 3. Let n(d) = -5*m(d) + 7*s(d). Let t be n(1). Suppose 0*z = -t*z + 18. What is the remainder when z is divided by 6?
3
Let o = 302 - 226. What is the remainder when 528 is divided by o?
72
Let v(c) = c**2 - 3*c - 5. Let d be -1 - -10 - ((-4)/4 - -3). Calculate the remainder when v(d) is divided by 8.
7
Suppose -v - 2 = -q, -12 = -q - 3*v + 10. Calculate the remainder when q is divided by 4 - -4*(-6)/8.
0
Suppose -22*l + 30*l = 0. Suppose 12*k - 11*k - 15 = l. Calculate the remainder when k is divided by 6.
3
Let d(f) = -f**3 - 11*f**2 + 10*f + 259. Calculate the remainder when d(-9) is divided by (-1)/(-2)*(9 + -1).
3
Let b = 1657 - 1364. What is the remainder when b is divided by 51?
38
Suppose 4*y + 4*n - 62 = -14, 4*y + n - 57 = 0. Let o(d) = d**3 + d + 4 - 4 - 7*d**2 + 4 - 2. Calculate the remainder when o(8) is divided by y.
14
Let j(d) = -d**2 + 14*d + 20. Let c be j(15). Suppose -4*b + c = 1. What is the remainder when b is divided by 1?
0
Let r(b) = -b + 8. Let n be r(6). Suppose -3*w = -5*z + 225, n*z + 0*w + 5*w = 59. Let x = 33 + -18. Calculate the remainder when z is divided by x.
12
Suppose -3*l = -l - 4. Suppose 3*g - 85 = 5*d - 5, 5*g + 3*d = 156. Suppose -2*z - 3*z = -g. What is the remainder when z is divided by l?
0
Suppose -2*o = -5*q + 584, 4*o = 4*q - 0*o - 472. What is the remainder when q is divided by 21?
11
Let t(d) = -d**3 + 7*d**2 - 3*d + 7. What is the remainder when 235 is divided by t(3)?
31
What is the remainder when (-16272)/(-16) - 3/(-3) is divided by 60?
58
Suppose -5*v - d = -74, -3*v + 2*d + 11 = -36. What is the remainder when 309 is divided by v?
9
Let i(j) = -j**3 + 23*j**2 - 45*j - 43. Calculate the remainder when i(20) is divided by 20.
17
Let l(m) = 1 - 5*m + 8*m**2 - 1 + 4*m. Suppose -3*d + 2*d + 1 = 0, 2*i - 34 = -2*d. Calculate the remainder when i is divided by l(-1).
7
Let l = -28 - -62. Suppose -l - 1 = -r. Let h = 1030 - 927. Calculate the remainder when h is divided by r.
33
Let c = 7 - 3. Suppose -5*h - 5*t + 35 = 0, -c*h + t + 36 = -7. Calculate the remainder when (-4)/(-8) - 75/(-2) is divided by h.
8
Let q(y) = y**2 - 6*y - 3. Let z be q(7). Let a = z + 7. Suppose -v + 6 = -a. Calculate the remainder when 49 is divided by v.
15
What is the remainder when 87 is divided by (8/3 + -3)*-33?
10
Suppose -22*l + 26*l = 36. Suppose 2*j = 2*g - 2*j - 24, g - 8 = 4*j. Calculate the remainder when g is divided by l.
7
Suppose -3*a - 2*a + 200 = 0. Suppose 9 = 5*j - 6, -j = -5*b + 102. What is the remainder when a is divided by b?
19
Calculate the remainder when (1 + -93)/(20/(-10)) is divided by (2 + -1)/(3/36).
10
L